{"id":158,"date":"2019-03-11T23:45:40","date_gmt":"2019-03-11T22:45:40","guid":{"rendered":"http:\/\/cavigalski.com\/?page_id=158"},"modified":"2026-02-15T15:09:56","modified_gmt":"2026-02-15T14:09:56","slug":"158-2","status":"publish","type":"page","link":"http:\/\/cavigalski.com\/?page_id=158","title":{"rendered":"Les Moniteurs de Ski"},"content":{"rendered":"\n<div class=\"wp-block-media-text alignwide\" style=\"grid-template-columns:24% auto\"><figure class=\"wp-block-media-text__media\"><img loading=\"lazy\" decoding=\"async\" width=\"426\" height=\"636\" src=\"http:\/\/cavigalski.com\/wp-content\/uploads\/2019\/03\/dsc8741-1.jpg\" alt=\"\" class=\"wp-image-496 size-full\" srcset=\"http:\/\/cavigalski.com\/wp-content\/uploads\/2019\/03\/dsc8741-1.jpg 426w, http:\/\/cavigalski.com\/wp-content\/uploads\/2019\/03\/dsc8741-1-201x300.jpg 201w\" sizes=\"(max-width: 426px) 100vw, 426px\" \/><\/figure><div class=\"wp-block-media-text__content\">\n<p class=\"has-text-color has-normal-font-size\" style=\"color:#ff0000\"><strong>Andr\u00e9 MOLINENGO<\/strong> <\/p>\n\n\n\n<p class=\"has-cyan-bluish-gray-color has-text-color\"><strong>Pr\u00e9sident<\/strong><br><strong>Moniteur<\/strong><\/p>\n\n\n\n<p class=\"has-cyan-bluish-gray-color has-text-color\"><strong>2<\/strong><sup><strong>\u00e8me<\/strong><\/sup><strong> degr\u00e9 FFS <br>3<\/strong><sup><strong>\u00e8me<\/strong><\/sup><strong> degr\u00e9 FSGT<\/strong><\/p>\n<\/div><\/div>\n\n\n\n<div class=\"wp-block-media-text alignwide\" style=\"grid-template-columns:24% auto\"><figure class=\"wp-block-media-text__media\"><img loading=\"lazy\" decoding=\"async\" width=\"768\" height=\"1024\" src=\"http:\/\/cavigalski.com\/wp-content\/uploads\/2019\/03\/Arnaud-Steiner-768x1024.jpg\" alt=\"\" class=\"wp-image-229 size-full\" srcset=\"http:\/\/cavigalski.com\/wp-content\/uploads\/2019\/03\/Arnaud-Steiner-768x1024.jpg 768w, http:\/\/cavigalski.com\/wp-content\/uploads\/2019\/03\/Arnaud-Steiner-225x300.jpg 225w, http:\/\/cavigalski.com\/wp-content\/uploads\/2019\/03\/Arnaud-Steiner.jpg 1728w\" sizes=\"(max-width: 768px) 100vw, 768px\" \/><\/figure><div class=\"wp-block-media-text__content\">\n<p class=\"has-text-color has-normal-font-size\" style=\"color:#ff0000\"><strong>Arnaud&nbsp;STEINER<\/strong><\/p>\n\n\n\n<p class=\"has-cyan-bluish-gray-color has-text-color\"><strong>Vice-Pr\u00e9sident et Secr\u00e9taire <\/strong><br><strong><strong>Entraineur<\/strong> <br><br>Entraineur FFS + 2\u00e8me degr\u00e9 FFS snow<\/strong><strong>board <br>3<\/strong><sup><strong>\u00e8me<\/strong><\/sup><strong> degr\u00e9 FSGT<\/strong><\/p>\n\n\n\n<p class=\"has-cyan-bluish-gray-color has-text-color\"><strong>Formateur national FFS de moniteur, r\u00e9f\u00e9rent r\u00e9gional ski alpin<\/strong><br><strong>Formateur FSGT de moniteur<\/strong><\/p>\n<\/div><\/div>\n\n\n\n<div class=\"wp-block-media-text alignwide\" style=\"grid-template-columns:24% auto\"><figure class=\"wp-block-media-text__media\"><img loading=\"lazy\" decoding=\"async\" width=\"768\" height=\"1117\" src=\"http:\/\/cavigalski.com\/wp-content\/uploads\/2024\/02\/IMG-20231111-WA00241.jpg\" alt=\"\" class=\"wp-image-2143 size-full\" srcset=\"http:\/\/cavigalski.com\/wp-content\/uploads\/2024\/02\/IMG-20231111-WA00241.jpg 768w, http:\/\/cavigalski.com\/wp-content\/uploads\/2024\/02\/IMG-20231111-WA00241-206x300.jpg 206w\" sizes=\"(max-width: 768px) 100vw, 768px\" \/><\/figure><div class=\"wp-block-media-text__content\">\n<p class=\"has-text-color has-normal-font-size\" style=\"color:#ff0000\"><strong>V\u00e9ronique TOUCHET<\/strong><\/p>\n\n\n\n<p class=\"has-cyan-bluish-gray-color has-text-color\"><strong>Monitrice<\/strong><\/p>\n\n\n\n<p class=\"has-cyan-bluish-gray-color has-text-color\"><strong>2<\/strong><sup><strong>\u00e8me<\/strong><\/sup><strong> degr\u00e9 FFS <br>3<\/strong><sup><strong>\u00e8me<\/strong><\/sup><strong> degr\u00e9 FSGT<\/strong><\/p>\n<\/div><\/div>\n\n\n\n<div class=\"wp-block-media-text alignwide\" style=\"grid-template-columns:24% auto\"><figure class=\"wp-block-media-text__media\"><img loading=\"lazy\" decoding=\"async\" width=\"768\" height=\"1024\" src=\"http:\/\/cavigalski.com\/wp-content\/uploads\/2019\/03\/Nathalie-Steiner-768x1024.jpg\" alt=\"\" class=\"wp-image-237 size-full\" srcset=\"http:\/\/cavigalski.com\/wp-content\/uploads\/2019\/03\/Nathalie-Steiner-768x1024.jpg 768w, http:\/\/cavigalski.com\/wp-content\/uploads\/2019\/03\/Nathalie-Steiner-225x300.jpg 225w, http:\/\/cavigalski.com\/wp-content\/uploads\/2019\/03\/Nathalie-Steiner.jpg 1728w\" sizes=\"(max-width: 768px) 100vw, 768px\" \/><\/figure><div class=\"wp-block-media-text__content\">\n<p class=\"has-text-color has-normal-font-size\" style=\"color:#ff0000\"><strong>Nathalie&nbsp;STEINER<\/strong><\/p>\n\n\n\n<p class=\"has-cyan-bluish-gray-color has-text-color\"><strong>Monitrice<br><br>2<\/strong><sup><strong>\u00e8me<\/strong><\/sup><strong> degr\u00e9 FFS <br>3<\/strong><sup><strong>\u00e8me<\/strong><\/sup><strong> degr\u00e9 FSGT<\/strong><\/p>\n<\/div><\/div>\n\n\n\n<div class=\"wp-block-media-text alignwide\" style=\"grid-template-columns:24% auto\"><figure class=\"wp-block-media-text__media\"><img loading=\"lazy\" decoding=\"async\" width=\"918\" height=\"1249\" src=\"http:\/\/cavigalski.com\/wp-content\/uploads\/2024\/02\/IMG-20231111-WA00231.jpg\" alt=\"\" class=\"wp-image-2144 size-full\" srcset=\"http:\/\/cavigalski.com\/wp-content\/uploads\/2024\/02\/IMG-20231111-WA00231.jpg 918w, http:\/\/cavigalski.com\/wp-content\/uploads\/2024\/02\/IMG-20231111-WA00231-220x300.jpg 220w, http:\/\/cavigalski.com\/wp-content\/uploads\/2024\/02\/IMG-20231111-WA00231-768x1045.jpg 768w\" sizes=\"(max-width: 918px) 100vw, 918px\" \/><\/figure><div class=\"wp-block-media-text__content\">\n<p class=\"has-text-color has-normal-font-size\" style=\"color:#ff0000\"><strong>Magalie BENAZET<\/strong><\/p>\n\n\n\n<p class=\"has-cyan-bluish-gray-color has-text-color\"><strong>Monitrice<\/strong><\/p>\n\n\n\n<p class=\"has-cyan-bluish-gray-color has-text-color\"><strong><strong>2<\/strong><sup><strong><strong><sup><strong>\u00e8me<\/strong><\/sup><\/strong><\/strong><\/sup><strong> degr\u00e9 FFS <br>2<\/strong><sup><strong>\u00e8me<\/strong><\/sup><strong> degr\u00e9 FSGT<\/strong><\/strong><\/p>\n<\/div><\/div>\n\n\n\n<div class=\"wp-block-media-text alignwide\" style=\"grid-template-columns:24% auto\"><figure class=\"wp-block-media-text__media\"><img loading=\"lazy\" decoding=\"async\" width=\"2592\" height=\"3456\" src=\"http:\/\/cavigalski.com\/wp-content\/uploads\/2019\/06\/20190330_174208-2.jpg\" alt=\"\" class=\"wp-image-716 size-full\" srcset=\"http:\/\/cavigalski.com\/wp-content\/uploads\/2019\/06\/20190330_174208-2.jpg 2592w, http:\/\/cavigalski.com\/wp-content\/uploads\/2019\/06\/20190330_174208-2-225x300.jpg 225w, http:\/\/cavigalski.com\/wp-content\/uploads\/2019\/06\/20190330_174208-2-768x1024.jpg 768w\" sizes=\"(max-width: 2592px) 100vw, 2592px\" \/><\/figure><div class=\"wp-block-media-text__content\">\n<p class=\"has-text-color has-normal-font-size\" style=\"color:#ff0000\"><strong>Jean Michel MARTINI<\/strong><\/p>\n\n\n\n<p class=\"has-cyan-bluish-gray-color has-text-color\"><strong>Entraineur<br><br>Entraineur <\/strong><strong>FFS <br>3<\/strong><sup><strong>\u00e8me<\/strong><\/sup><strong> degr\u00e9 FSGT<\/strong><\/p>\n<\/div><\/div>\n\n\n\n<div class=\"wp-block-media-text alignwide\" style=\"grid-template-columns:24% auto\"><figure class=\"wp-block-media-text__media\"><img loading=\"lazy\" decoding=\"async\" width=\"460\" height=\"687\" src=\"http:\/\/cavigalski.com\/wp-content\/uploads\/2019\/03\/georges_barnoin.jpg\" alt=\"\" class=\"wp-image-184 size-full\" srcset=\"http:\/\/cavigalski.com\/wp-content\/uploads\/2019\/03\/georges_barnoin.jpg 460w, http:\/\/cavigalski.com\/wp-content\/uploads\/2019\/03\/georges_barnoin-201x300.jpg 201w\" sizes=\"(max-width: 460px) 100vw, 460px\" \/><\/figure><div class=\"wp-block-media-text__content\">\n<p class=\"has-text-color has-normal-font-size\" style=\"color:#ff0000\"><strong>Georges BARNOIN<\/strong><\/p>\n\n\n\n<p class=\"has-cyan-bluish-gray-color has-text-color\"><strong>Entraineur<br><br>Entraineur FFS<br>3<\/strong><sup><strong>\u00e8me<\/strong><\/sup><strong> degr\u00e9 FSGT<\/strong><\/p>\n<\/div><\/div>\n\n\n\n<div class=\"wp-block-media-text alignwide\" style=\"grid-template-columns:24% auto\"><figure class=\"wp-block-media-text__media\"><img loading=\"lazy\" decoding=\"async\" width=\"2592\" height=\"3456\" src=\"http:\/\/cavigalski.com\/wp-content\/uploads\/2019\/06\/20190617_194617-2.jpg\" alt=\"\" class=\"wp-image-725 size-full\" srcset=\"http:\/\/cavigalski.com\/wp-content\/uploads\/2019\/06\/20190617_194617-2.jpg 2592w, http:\/\/cavigalski.com\/wp-content\/uploads\/2019\/06\/20190617_194617-2-225x300.jpg 225w, http:\/\/cavigalski.com\/wp-content\/uploads\/2019\/06\/20190617_194617-2-768x1024.jpg 768w\" sizes=\"(max-width: 2592px) 100vw, 2592px\" \/><\/figure><div class=\"wp-block-media-text__content\">\n<p class=\"has-text-color has-normal-font-size\" style=\"color:#ff0000\"><strong>Patrice FARA<\/strong><\/p>\n\n\n\n<p class=\"has-cyan-bluish-gray-color has-text-color\"><strong>Moniteur<br><br>2<\/strong><sup><strong>\u00e8me<\/strong><\/sup><strong> degr\u00e9 FFS <br>3<\/strong><sup><strong>\u00e8me<\/strong><\/sup><strong> degr\u00e9 FSGT<\/strong><\/p>\n<\/div><\/div>\n\n\n\n<div class=\"wp-block-media-text alignwide\" style=\"grid-template-columns:24% auto\"><figure class=\"wp-block-media-text__media\"><img loading=\"lazy\" decoding=\"async\" width=\"2592\" height=\"3456\" src=\"http:\/\/cavigalski.com\/wp-content\/uploads\/2019\/06\/20190617_194829-2.jpg\" alt=\"\" class=\"wp-image-726 size-full\" srcset=\"http:\/\/cavigalski.com\/wp-content\/uploads\/2019\/06\/20190617_194829-2.jpg 2592w, http:\/\/cavigalski.com\/wp-content\/uploads\/2019\/06\/20190617_194829-2-225x300.jpg 225w, http:\/\/cavigalski.com\/wp-content\/uploads\/2019\/06\/20190617_194829-2-768x1024.jpg 768w\" sizes=\"(max-width: 2592px) 100vw, 2592px\" \/><\/figure><div class=\"wp-block-media-text__content\">\n<p class=\"has-text-color has-normal-font-size\" style=\"color:#ff0000\"><strong>Bernhart DEVELEY<\/strong><\/p>\n\n\n\n<p class=\"has-cyan-bluish-gray-color has-text-color\"><strong>Moniteur<br><br>2<\/strong><sup><strong>\u00e8me<\/strong><\/sup><strong> degr\u00e9 FFS <br>3<\/strong><sup><strong>\u00e8me<\/strong><\/sup><strong> degr\u00e9 FSGT<\/strong><\/p>\n<\/div><\/div>\n\n\n\n<div class=\"wp-block-media-text alignwide\" style=\"grid-template-columns:24% auto\"><figure class=\"wp-block-media-text__media\"><img loading=\"lazy\" decoding=\"async\" width=\"2592\" height=\"3456\" src=\"http:\/\/cavigalski.com\/wp-content\/uploads\/2019\/06\/20190617_1943321.jpg\" alt=\"\" class=\"wp-image-723 size-full\" srcset=\"http:\/\/cavigalski.com\/wp-content\/uploads\/2019\/06\/20190617_1943321.jpg 2592w, http:\/\/cavigalski.com\/wp-content\/uploads\/2019\/06\/20190617_1943321-225x300.jpg 225w, http:\/\/cavigalski.com\/wp-content\/uploads\/2019\/06\/20190617_1943321-768x1024.jpg 768w\" sizes=\"(max-width: 2592px) 100vw, 2592px\" \/><\/figure><div class=\"wp-block-media-text__content\">\n<p class=\"has-text-color has-normal-font-size\" style=\"color:#ff0000\"><strong>Arnaud ROUYER<\/strong><\/p>\n\n\n\n<p class=\"has-cyan-bluish-gray-color has-text-color\"><strong>Moniteur<br><br>2<\/strong><sup><strong>\u00e8me<\/strong><\/sup><strong> degr\u00e9 FFS <br>3<\/strong><sup><strong>\u00e8me<\/strong><\/sup><strong> degr\u00e9 FSGT<\/strong><\/p>\n<\/div><\/div>\n\n\n\n<div class=\"wp-block-media-text alignwide\" style=\"grid-template-columns:24% auto\"><figure class=\"wp-block-media-text__media\"><img loading=\"lazy\" decoding=\"async\" width=\"629\" height=\"801\" src=\"http:\/\/cavigalski.com\/wp-content\/uploads\/2025\/07\/Marion-V.jpg\" alt=\"\" class=\"wp-image-2210 size-full\" srcset=\"http:\/\/cavigalski.com\/wp-content\/uploads\/2025\/07\/Marion-V.jpg 629w, http:\/\/cavigalski.com\/wp-content\/uploads\/2025\/07\/Marion-V-236x300.jpg 236w\" sizes=\"(max-width: 629px) 100vw, 629px\" \/><\/figure><div class=\"wp-block-media-text__content\">\n<p class=\"has-text-color has-normal-font-size\" style=\"color:#ff0000\"><strong>Marion VERLINDE<\/strong><\/p>\n\n\n\n<p class=\"has-cyan-bluish-gray-color has-text-color\"><strong>Monitrice<br><br>2<\/strong><sup><strong>\u00e8me<\/strong><\/sup><strong> degr\u00e9 FFS <br>3<\/strong><sup><strong>\u00e8me<\/strong><\/sup><strong> degr\u00e9 FSGT<\/strong><\/p>\n<\/div><\/div>\n\n\n\n<div class=\"wp-block-media-text alignwide\" style=\"grid-template-columns:24% auto\"><figure class=\"wp-block-media-text__media\"><img loading=\"lazy\" decoding=\"async\" width=\"2592\" height=\"3456\" src=\"http:\/\/cavigalski.com\/wp-content\/uploads\/2019\/06\/20190617_211219-2.jpg\" alt=\"\" class=\"wp-image-727 size-full\" srcset=\"http:\/\/cavigalski.com\/wp-content\/uploads\/2019\/06\/20190617_211219-2.jpg 2592w, http:\/\/cavigalski.com\/wp-content\/uploads\/2019\/06\/20190617_211219-2-225x300.jpg 225w, http:\/\/cavigalski.com\/wp-content\/uploads\/2019\/06\/20190617_211219-2-768x1024.jpg 768w\" sizes=\"(max-width: 2592px) 100vw, 2592px\" \/><\/figure><div class=\"wp-block-media-text__content\">\n<p class=\"has-text-color has-normal-font-size\" style=\"color:#ff0000\"><strong>Emilie MAIGRET<\/strong><\/p>\n\n\n\n<p class=\"has-cyan-bluish-gray-color has-text-color\"><strong>Monitrice<br><br>2<\/strong><sup><strong>\u00e8me<\/strong><\/sup><strong> degr\u00e9 FFS <br>3<\/strong><sup><strong>\u00e8me<\/strong><\/sup><strong> degr\u00e9 FSGT<\/strong><\/p>\n<\/div><\/div>\n\n\n\n<div class=\"wp-block-media-text alignwide\" style=\"grid-template-columns:24% auto\"><figure class=\"wp-block-media-text__media\"><img loading=\"lazy\" decoding=\"async\" width=\"2592\" height=\"3456\" src=\"http:\/\/cavigalski.com\/wp-content\/uploads\/2019\/06\/20190617_192757-2.jpg\" alt=\"\" class=\"wp-image-717 size-full\" srcset=\"http:\/\/cavigalski.com\/wp-content\/uploads\/2019\/06\/20190617_192757-2.jpg 2592w, http:\/\/cavigalski.com\/wp-content\/uploads\/2019\/06\/20190617_192757-2-225x300.jpg 225w, http:\/\/cavigalski.com\/wp-content\/uploads\/2019\/06\/20190617_192757-2-768x1024.jpg 768w\" sizes=\"(max-width: 2592px) 100vw, 2592px\" \/><\/figure><div class=\"wp-block-media-text__content\">\n<p class=\"has-text-color has-normal-font-size\" style=\"color:#ff0000\"><strong>Samir DRIS <\/strong><\/p>\n\n\n\n<p class=\"has-cyan-bluish-gray-color has-text-color\"><strong>Moniteur<br><br><\/strong><strong>2<\/strong><sup><strong>\u00e8me<\/strong><\/sup><strong> degr\u00e9 FFS + <\/strong><strong>1<\/strong><sup><strong>er<\/strong><\/sup>  <strong>degr\u00e9 FFS snowboard <\/strong> <strong><br>3<\/strong><sup><strong>\u00e8me<\/strong><\/sup><strong> degr\u00e9 FSGT<\/strong><\/p>\n<\/div><\/div>\n\n\n\n<div class=\"wp-block-media-text alignwide\" style=\"grid-template-columns:24% auto\"><figure class=\"wp-block-media-text__media\"><img loading=\"lazy\" decoding=\"async\" width=\"2585\" height=\"3447\" src=\"http:\/\/cavigalski.com\/wp-content\/uploads\/2019\/06\/20190617_211331-2.jpg\" alt=\"\" class=\"wp-image-728 size-full\" srcset=\"http:\/\/cavigalski.com\/wp-content\/uploads\/2019\/06\/20190617_211331-2.jpg 2585w, http:\/\/cavigalski.com\/wp-content\/uploads\/2019\/06\/20190617_211331-2-225x300.jpg 225w, http:\/\/cavigalski.com\/wp-content\/uploads\/2019\/06\/20190617_211331-2-768x1024.jpg 768w\" sizes=\"(max-width: 2585px) 100vw, 2585px\" \/><\/figure><div class=\"wp-block-media-text__content\">\n<p class=\"has-text-color has-normal-font-size\" style=\"color:#ff0000\"><strong>Jean-Michel MAILLIER <\/strong><\/p>\n\n\n\n<p class=\"has-cyan-bluish-gray-color has-text-color\"> <strong>Moniteur<br><br>2<\/strong><sup><strong>\u00e8me<\/strong><\/sup><strong> degr\u00e9 FFS <br>3<\/strong><sup><strong>\u00e8me<\/strong><\/sup><strong> degr\u00e9 FSGT<br><\/strong><\/p>\n<\/div><\/div>\n\n\n\n<div class=\"wp-block-media-text alignwide\" style=\"grid-template-columns:24% auto\"><figure class=\"wp-block-media-text__media\"><img loading=\"lazy\" decoding=\"async\" width=\"2592\" height=\"3456\" src=\"http:\/\/cavigalski.com\/wp-content\/uploads\/2019\/06\/20190617_194453-2.jpg\" alt=\"\" class=\"wp-image-724 size-full\" srcset=\"http:\/\/cavigalski.com\/wp-content\/uploads\/2019\/06\/20190617_194453-2.jpg 2592w, http:\/\/cavigalski.com\/wp-content\/uploads\/2019\/06\/20190617_194453-2-225x300.jpg 225w, http:\/\/cavigalski.com\/wp-content\/uploads\/2019\/06\/20190617_194453-2-768x1024.jpg 768w\" sizes=\"(max-width: 2592px) 100vw, 2592px\" \/><\/figure><div class=\"wp-block-media-text__content\">\n<p class=\"has-text-color has-normal-font-size\" style=\"color:#ff0000\"><strong>Corinne FARA<\/strong><\/p>\n\n\n\n<p class=\"has-cyan-bluish-gray-color has-text-color\"><strong>Monitrice<\/strong><\/p>\n\n\n\n<p class=\"has-cyan-bluish-gray-color has-text-color\"><strong><strong><strong>1<\/strong><sup><strong>er<\/strong><\/sup><strong> degr\u00e9 FFS<\/strong> <br>2<\/strong><sup><strong>\u00e8me<\/strong><\/sup><strong> degr\u00e9 FSGT<\/strong><\/strong><\/p>\n<\/div><\/div>\n\n\n\n<div class=\"wp-block-media-text alignwide\" style=\"grid-template-columns:24% auto\"><figure class=\"wp-block-media-text__media\"><img loading=\"lazy\" decoding=\"async\" width=\"1297\" height=\"1729\" src=\"http:\/\/cavigalski.com\/wp-content\/uploads\/2022\/02\/IMG-20220226-WA0032.jpg\" alt=\"\" class=\"wp-image-1706 size-full\" srcset=\"http:\/\/cavigalski.com\/wp-content\/uploads\/2022\/02\/IMG-20220226-WA0032.jpg 1297w, http:\/\/cavigalski.com\/wp-content\/uploads\/2022\/02\/IMG-20220226-WA0032-225x300.jpg 225w, http:\/\/cavigalski.com\/wp-content\/uploads\/2022\/02\/IMG-20220226-WA0032-768x1024.jpg 768w, http:\/\/cavigalski.com\/wp-content\/uploads\/2022\/02\/IMG-20220226-WA0032-1152x1536.jpg 1152w\" sizes=\"(max-width: 1297px) 100vw, 1297px\" \/><\/figure><div class=\"wp-block-media-text__content\">\n<p class=\"has-text-color has-normal-font-size\" style=\"color:#ff0000\"><strong>Louis PIERLOT<\/strong><\/p>\n\n\n\n<p class=\"has-cyan-bluish-gray-color has-text-color\"><strong>Moniteur<\/strong><\/p>\n\n\n\n<p class=\"has-cyan-bluish-gray-color has-text-color\"><strong><strong>2<\/strong><sup><strong>\u00e8me<\/strong><\/sup><strong> degr\u00e9 FFS <br>3<\/strong><sup><strong>\u00e8me<\/strong><\/sup><strong> degr\u00e9 FSGT<\/strong><\/strong><\/p>\n<\/div><\/div>\n\n\n\n<div class=\"wp-block-media-text alignwide\" style=\"grid-template-columns:24% auto\"><figure class=\"wp-block-media-text__media\"><img loading=\"lazy\" decoding=\"async\" width=\"909\" height=\"1296\" src=\"http:\/\/cavigalski.com\/wp-content\/uploads\/2024\/02\/IMG-20231111-WA00221.jpg\" alt=\"\" class=\"wp-image-2146 size-full\" srcset=\"http:\/\/cavigalski.com\/wp-content\/uploads\/2024\/02\/IMG-20231111-WA00221.jpg 909w, http:\/\/cavigalski.com\/wp-content\/uploads\/2024\/02\/IMG-20231111-WA00221-210x300.jpg 210w, http:\/\/cavigalski.com\/wp-content\/uploads\/2024\/02\/IMG-20231111-WA00221-768x1095.jpg 768w\" sizes=\"(max-width: 909px) 100vw, 909px\" \/><\/figure><div class=\"wp-block-media-text__content\">\n<p class=\"has-text-color has-normal-font-size\" style=\"color:#ff0000\"><strong>Pascal MARIANGIOLI<\/strong><\/p>\n\n\n\n<p class=\"has-cyan-bluish-gray-color has-text-color\"><strong>Moniteur<\/strong><\/p>\n\n\n\n<p class=\"has-cyan-bluish-gray-color has-text-color\"><strong>2<\/strong><sup><strong>\u00e8me<\/strong><\/sup><strong> degr\u00e9 FFS <br>3<\/strong><sup><strong>\u00e8me<\/strong><\/sup><strong> degr\u00e9 FSGT<\/strong><\/p>\n<\/div><\/div>\n\n\n\n<div class=\"wp-block-media-text alignwide\" style=\"grid-template-columns:24% auto\"><figure class=\"wp-block-media-text__media\"><img loading=\"lazy\" decoding=\"async\" width=\"1199\" height=\"1600\" src=\"http:\/\/cavigalski.com\/wp-content\/uploads\/2025\/07\/Alain-C.jpeg\" alt=\"\" class=\"wp-image-2198 size-full\" srcset=\"http:\/\/cavigalski.com\/wp-content\/uploads\/2025\/07\/Alain-C.jpeg 1199w, http:\/\/cavigalski.com\/wp-content\/uploads\/2025\/07\/Alain-C-225x300.jpeg 225w, http:\/\/cavigalski.com\/wp-content\/uploads\/2025\/07\/Alain-C-768x1025.jpeg 768w, http:\/\/cavigalski.com\/wp-content\/uploads\/2025\/07\/Alain-C-1151x1536.jpeg 1151w\" sizes=\"(max-width: 1199px) 100vw, 1199px\" \/><\/figure><div class=\"wp-block-media-text__content\">\n<p class=\"has-text-color has-normal-font-size\" style=\"color:#ff0000\"><strong>Alain COURSIER<\/strong><\/p>\n\n\n\n<p class=\"has-cyan-bluish-gray-color has-text-color\"><strong>Entraineur<\/strong><\/p>\n\n\n\n<p class=\"has-cyan-bluish-gray-color has-text-color\"><strong>Entraineur<\/strong><strong> FFS <br>3<\/strong><sup><strong>\u00e8me<\/strong><\/sup><strong> degr\u00e9 FSGT<\/strong><\/p>\n<\/div><\/div>\n\n\n\n<div class=\"wp-block-media-text alignwide\" style=\"grid-template-columns:24% auto\"><figure class=\"wp-block-media-text__media\"><img loading=\"lazy\" decoding=\"async\" width=\"1813\" height=\"2314\" src=\"http:\/\/cavigalski.com\/wp-content\/uploads\/2025\/07\/Arthur-S.jpg\" alt=\"\" class=\"wp-image-2199 size-full\" srcset=\"http:\/\/cavigalski.com\/wp-content\/uploads\/2025\/07\/Arthur-S.jpg 1813w, http:\/\/cavigalski.com\/wp-content\/uploads\/2025\/07\/Arthur-S-235x300.jpg 235w, http:\/\/cavigalski.com\/wp-content\/uploads\/2025\/07\/Arthur-S-768x980.jpg 768w, http:\/\/cavigalski.com\/wp-content\/uploads\/2025\/07\/Arthur-S-1203x1536.jpg 1203w, http:\/\/cavigalski.com\/wp-content\/uploads\/2025\/07\/Arthur-S-1605x2048.jpg 1605w\" sizes=\"(max-width: 1813px) 100vw, 1813px\" \/><\/figure><div class=\"wp-block-media-text__content\">\n<p class=\"has-text-color has-normal-font-size\" style=\"color:#ff0000\"><strong>Arthur STEINER<\/strong><\/p>\n\n\n\n<p class=\"has-cyan-bluish-gray-color has-text-color\"><strong>Moniteur<\/strong><\/p>\n\n\n\n<p class=\"has-cyan-bluish-gray-color has-text-color\"><strong>1<sup><strong>er<\/strong><\/sup> degr\u00e9 FFS<br>2<\/strong><sup><strong>\u00e8me<\/strong><\/sup><strong> degr\u00e9 FSGT<\/strong><\/p>\n<\/div><\/div>\n\n\n\n<div class=\"wp-block-media-text alignwide\" style=\"grid-template-columns:24% auto\"><figure class=\"wp-block-media-text__media\"><img loading=\"lazy\" decoding=\"async\" width=\"1735\" height=\"2187\" src=\"http:\/\/cavigalski.com\/wp-content\/uploads\/2025\/07\/Stephanie-S.jpg\" alt=\"\" class=\"wp-image-2200 size-full\" srcset=\"http:\/\/cavigalski.com\/wp-content\/uploads\/2025\/07\/Stephanie-S.jpg 1735w, http:\/\/cavigalski.com\/wp-content\/uploads\/2025\/07\/Stephanie-S-238x300.jpg 238w, http:\/\/cavigalski.com\/wp-content\/uploads\/2025\/07\/Stephanie-S-768x968.jpg 768w, http:\/\/cavigalski.com\/wp-content\/uploads\/2025\/07\/Stephanie-S-1219x1536.jpg 1219w, http:\/\/cavigalski.com\/wp-content\/uploads\/2025\/07\/Stephanie-S-1625x2048.jpg 1625w\" sizes=\"(max-width: 1735px) 100vw, 1735px\" \/><\/figure><div class=\"wp-block-media-text__content\">\n<p class=\"has-text-color has-normal-font-size\" style=\"color:#ff0000\"><strong>St\u00e9phanie SONNATI<\/strong><\/p>\n\n\n\n<p class=\"has-cyan-bluish-gray-color has-text-color\"><strong>Monitrice<\/strong><\/p>\n\n\n\n<p class=\"has-cyan-bluish-gray-color has-text-color\"><strong>1<\/strong><sup><strong>er<\/strong><\/sup><strong> degr\u00e9 FFS <br>2<\/strong><sup><strong>\u00e8me<\/strong><\/sup><strong> degr\u00e9 FSGT<\/strong><\/p>\n<\/div><\/div>\n\n\n\n<div class=\"wp-block-media-text alignwide\" style=\"grid-template-columns:24% auto\"><figure class=\"wp-block-media-text__media\"><img loading=\"lazy\" decoding=\"async\" width=\"1036\" height=\"1382\" src=\"http:\/\/cavigalski.com\/wp-content\/uploads\/2025\/07\/Damien.jpeg\" alt=\"\" class=\"wp-image-2201 size-full\" srcset=\"http:\/\/cavigalski.com\/wp-content\/uploads\/2025\/07\/Damien.jpeg 1036w, http:\/\/cavigalski.com\/wp-content\/uploads\/2025\/07\/Damien-225x300.jpeg 225w, http:\/\/cavigalski.com\/wp-content\/uploads\/2025\/07\/Damien-768x1024.jpeg 768w\" sizes=\"(max-width: 1036px) 100vw, 1036px\" \/><\/figure><div class=\"wp-block-media-text__content\">\n<p class=\"has-text-color has-normal-font-size\" style=\"color:#ff0000\"><strong>Damien GARREAU<\/strong><\/p>\n\n\n\n<p class=\"has-cyan-bluish-gray-color has-text-color\"><strong>Moniteur<\/strong><\/p>\n\n\n\n<p class=\"has-cyan-bluish-gray-color has-text-color\"><strong><strong>1<\/strong><sup><strong>er<\/strong><\/sup><strong> degr\u00e9 FFS<\/strong> <br>2<\/strong><sup><strong>\u00e8me<\/strong><\/sup><strong> degr\u00e9 FSGT<\/strong><\/p>\n<\/div><\/div>\n\n\n\n<h2 class=\"wp-block-heading\"><\/h2>\n\n\n\n<figure class=\"wp-block-image size-full\"><img loading=\"lazy\" decoding=\"async\" width=\"1860\" height=\"1187\" src=\"http:\/\/cavigalski.com\/wp-content\/uploads\/2025\/07\/Cavigal-v11-2026.png\" alt=\"\" class=\"wp-image-2217\" srcset=\"http:\/\/cavigalski.com\/wp-content\/uploads\/2025\/07\/Cavigal-v11-2026.png 1860w, http:\/\/cavigalski.com\/wp-content\/uploads\/2025\/07\/Cavigal-v11-2026-300x191.png 300w, http:\/\/cavigalski.com\/wp-content\/uploads\/2025\/07\/Cavigal-v11-2026-768x490.png 768w, http:\/\/cavigalski.com\/wp-content\/uploads\/2025\/07\/Cavigal-v11-2026-1536x980.png 1536w\" sizes=\"(max-width: 1860px) 100vw, 1860px\" \/><\/figure>\n","protected":false},"excerpt":{"rendered":"<p>Andr\u00e9 MOLINENGO Pr\u00e9sidentMoniteur 2\u00e8me degr\u00e9 FFS 3\u00e8me degr\u00e9 FSGT Arnaud&nbsp;STEINER Vice-Pr\u00e9sident et Secr\u00e9taire Entraineur Entraineur FFS + 2\u00e8me degr\u00e9 FFS snowboard 3\u00e8me degr\u00e9 FSGT Formateur national FFS de moniteur, r\u00e9f\u00e9rent r\u00e9gional ski alpinFormateur FSGT de moniteur V\u00e9ronique TOUCHET Monitrice 2\u00e8me degr\u00e9 FFS 3\u00e8me degr\u00e9 FSGT Nathalie&nbsp;STEINER Monitrice 2\u00e8me degr\u00e9 FFS<a href=\"http:\/\/cavigalski.com\/?page_id=158\" class=\"read-more\">Read More<\/a><\/p>\n","protected":false},"author":1,"featured_media":0,"parent":0,"menu_order":0,"comment_status":"closed","ping_status":"closed","template":"","meta":{"footnotes":""},"_links":{"self":[{"href":"http:\/\/cavigalski.com\/index.php?rest_route=\/wp\/v2\/pages\/158"}],"collection":[{"href":"http:\/\/cavigalski.com\/index.php?rest_route=\/wp\/v2\/pages"}],"about":[{"href":"http:\/\/cavigalski.com\/index.php?rest_route=\/wp\/v2\/types\/page"}],"author":[{"embeddable":true,"href":"http:\/\/cavigalski.com\/index.php?rest_route=\/wp\/v2\/users\/1"}],"replies":[{"embeddable":true,"href":"http:\/\/cavigalski.com\/index.php?rest_route=%2Fwp%2Fv2%2Fcomments&post=158"}],"version-history":[{"count":83,"href":"http:\/\/cavigalski.com\/index.php?rest_route=\/wp\/v2\/pages\/158\/revisions"}],"predecessor-version":[{"id":2241,"href":"http:\/\/cavigalski.com\/index.php?rest_route=\/wp\/v2\/pages\/158\/revisions\/2241"}],"wp:attachment":[{"href":"http:\/\/cavigalski.com\/index.php?rest_route=%2Fwp%2Fv2%2Fmedia&parent=158"}],"curies":[{"name":"wp","href":"https:\/\/api.w.org\/{rel}","templated":true}]}}